3*y. Let m be o(-4). Suppose -75 = -m*h + 29. What are the prime factors of h?
2, 13
Let r(m) = -4*m**3 + m + 1. Let z be r(-1). Suppose 4*c - 95 = 3*g - 0*g, 3*c + z*g = 40. What are the prime factors of c?
2, 5
Let a = -90 + 170. What are the prime factors of a?
2, 5
Suppose -2*t + n = 3*t - 61, -3*t + 35 = n. What are the prime factors of t?
2, 3
Suppose -5*x = 3*m - 8*m + 150, 0 = 4*m - 2*x - 120. What are the prime factors of m?
2, 3, 5
Let j(n) be the third derivative of -3/8*n**4 + 4/3*n**3 + 0*n + 0 + 1/120*n**6 - 2/15*n**5 - n**2. What are the prime factors of j(9)?
2
Let n(d) = -d + 4. Let b be n(-3). Let h(z) = z**2 + 9. What are the prime factors of h(b)?
2, 29
Let v = 78 - 37. What are the prime factors of v?
41
Suppose 3*i - 8 = b - 3*b, 44 = 4*i - 4*b. What are the prime factors of 9/i*(-2 + 8)?
3
Let c = 1 + 2. Suppose -c*l = -20 - 25. List the prime factors of l.
3, 5
Suppose 14 = 5*m - 2*q, 3*m + 3*q - q - 18 = 0. Suppose -m*g + 35 = g. What are the prime factors of g?
7
Let o be 6/4 + (-29)/(-2). List the prime factors of o + -2 - (-1 - 1).
2
Let k be 2 + 2 + 0/3. Suppose 0*l = l - k*n + 14, -4*l - 3*n = -39. What are the prime factors of l?
2, 3
Let g(i) = 5*i**2 - 4*i + 1. Let q(s) = 9*s**2 - 9*s + 3. Suppose -n - 1 = 3. Let v(f) = n*q(f) + 7*g(f). List the prime factors of v(7).
2
Let n(w) = 4*w - 3. Let r(b) = 12*b - 10. Let x(h) = 16*n(h) - 5*r(h). What are the prime factors of x(3)?
2, 7
List the prime factors of 6/1 + 1*3/(-3).
5
Suppose 21*b - 3460 = b. List the prime factors of b.
173
Let v(j) = j**3 + 5*j**2 + 4*j + 3. Let a be v(-4). Suppose -a*d = -21 - 12. Suppose -19 = -5*t + d. List the prime factors of t.
2, 3
Let j(x) = -x**3 + 5*x + 4. List the prime factors of j(-3).
2
Suppose -3331 = -13*l + 75. What are the prime factors of l?
2, 131
Let k(w) = w**3 + 7*w**2 - 3*w + 7. Let h be k(-7). Let y = h - 4. List the prime factors of y.
2, 3
Let i(v) = -4*v**3 - 6*v**2 + 3*v + 8. List the prime factors of i(-5).
7
Let a(j) = 2*j + 7. Let z be a(-4). List the prime factors of 35/10 - z/2.
2
Let y = 43 - 40. Suppose 0 = g - 0*g + 11. What are the prime factors of 3 - (y - g/(-1))?
11
Suppose -158 = -6*b + 5*b. What are the prime factors of b?
2, 79
Suppose 3*i - i = -u - 3, 3*i = -9. List the prime factors of u/(-2)*(-8)/3.
2
Let r = -1 - -4. Suppose 0*b - 6 = 5*b - 4*k, 0 = -r*k + 12. Suppose z - b - 3 = 0. What are the prime factors of z?
5
Suppose -v + 2*o + 64 = 0, 0 = 2*v - 4*v + 5*o + 126. What are the prime factors of v?
2, 17
Let z(f) = -9*f**2. Let o(d) = -d**2 - d. Let q(g) = o(g) + z(g). Let i be q(-1). Let c = 2 - i. What are the prime factors of c?
11
What are the prime factors of (3 + -2)/(2/30)?
3, 5
Let w be -10*1 - 3/(-1). Let d = w - -12. Suppose -d*b = -3*l - 8, 2*l + b = 3*l. List the prime factors of l.
2
Let y = 132 + -52. List the prime factors of y.
2, 5
Suppose 0 = -8*v - 16. Let c(n) = 7*n**2 + n + 1. Let g be c(-1). Let j = g + v. What are the prime factors of j?
5
Let m be (12/(-10))/((-12)/40). List the prime factors of -2*(2 + m/(-1)).
2
Let u = -5 + 7. Let c be 0 + (60 - 2)/u. Suppose 0 = -3*y + 4*q + c, -3*y - 4 = q - 23. What are the prime factors of y?
7
Let z = 10 - 4. Suppose 38 + 38 = 4*y. Let l = y - z. What are the prime factors of l?
13
Suppose -5*z + 11 = -49. List the prime factors of z.
2, 3
Suppose 4*t + 4*a - a - 25 = 0, 2*t - 4*a + 4 = 0. What are the prime factors of t?
2
Let w(t) = 31*t**2 - 4 - 32*t**2 - 12*t + 1. List the prime factors of w(-6).
3, 11
Suppose -7*i + 15 = -2*i. Suppose -2*q - 4*f = -20, -2*q + 3*q - 2*f = -6. Suppose 9 = i*z, q*k - 13 - 2 = -z. List the prime factors of k.
2, 3
Let v be (-1)/2 - (-26)/4. Suppose -5*u - v = 29. List the prime factors of (-1*2)/(2/u).
7
Let n be (-2)/(3/(7 + -1)). Let c be (n + 82)*(-2)/(-4). What are the prime factors of (c/9)/(1/3)?
13
Let a(l) = -l. Let m be a(-3). Let h = 51 - 46. Let c = h - m. What are the prime factors of c?
2
Suppose -16 = -q + 5*q. Let w(f) = 21*f + 5. Let m be w(q). List the prime factors of m/(-7) - (-2)/(-7).
11
Let y(c) = -c**2 - 10*c - 7. Suppose 3*f + 48 = f. Let p = f - -16. What are the prime factors of y(p)?
3
Let u be 84/10 - (-20)/(-50). What are the prime factors of ((-12)/3)/(u/(-20))?
2, 5
Suppose 180 = 4*i - 224. What are the prime factors of i?
101
Let s = -3 - -8. Let k be s*11 - 4/(-4). Suppose -4*i = -k + 8. List the prime factors of i.
2, 3
Suppose 0 = 4*u - 6*u. Let w(v) = -v**3 + v**2 - v + 14. What are the prime factors of w(u)?
2, 7
What are the prime factors of (-1)/(-3) + (-94)/(-6)?
2
Let h be (24/(-9))/((-4)/30). Suppose -l + 16 = -h. Suppose 0 = 4*f - 0*f - l. What are the prime factors of f?
3
Suppose -4*a = -l + 2*l - 13, -4*a = 4*l - 28. Suppose -a*q = -2*j - 3*j + 81, 4*j + 4*q = 48. List the prime factors of j.
3, 5
Let r be 1 - (12 - 3)/(-3). Suppose 0 = -r*c + 3*n + 8 + 6, 0 = -5*c + 3*n + 16. Suppose p + w - 49 = -c*p, 3*p - 5*w - 61 = 0. What are the prime factors of p?
17
Let k be 84/(-35)*50/4. Let u be (-10)/k + (-10)/(-6). Suppose u*o - 33 = w, 36 = -2*o + 4*o - 2*w. What are the prime factors of o?
3, 5
Suppose 5*g - 3*f = 27, -f = -2*g + 6 + 5. Let r(t) = t + 7. Let s be r(g). Suppose -2*c = -c - s. What are the prime factors of c?
13
Suppose 3*g = 2*t + 24 - 2, -g + 9 = t. List the prime factors of 4/g - 23/(-2).
2, 3
Let q(o) = 7*o**3 - o**2 - 11*o + 11. Let l(a) = 4*a**3 - a**2 - 6*a + 6. Let m(g) = -5*l(g) + 3*q(g). What are the prime factors of m(2)?
13
Suppose -2*b + 8 = 2. Suppose b*c - 28 - 35 = 0. List the prime factors of 204/c - (-4)/14.
2, 5
Let i be (-2)/(-3) + 14/6. Let d(l) = -2*l**2 + 3*l + 2. Let p be d(i). Let x(r) = r**3 + 8*r**2 + 6*r + 2. What are the prime factors of x(p)?
3
Let m = 8 - 6. Suppose l + m*n = -1, -5*l + 4*n = 3*n - 17. List the prime factors of l.
3
Let a = -27 - -48. What are the prime factors of a?
3, 7
Let v(w) = w**2 - 6*w - 3. Let a be v(7). Suppose 0 = -3*r - 3*j + 4 - 1, -5*r + 5 = a*j. List the prime factors of (-3)/(9/(-24)) - r.
7
Let b be (1 - (0 + 2)) + 4. Let x(h) = h**3 - h**2 - 5*h + 2. List the prime factors of x(b).
5
Suppose 5*j + 50 = 3*z + 149, 5*j + z = 87. Let c = j + -10. Suppose 0*d + c = 2*d. What are the prime factors of d?
2
Suppose -5*b + 24 + 6 = 0. Suppose -j - 75 = -b*j. List the prime factors of ((-22)/(-6))/(5/j).
11
Let f = 13 + 33. Suppose -2*j = -4*j + f. List the prime factors of j.
23
Let u(z) = 5*z**3 - 5*z**2 + 5*z - 1. List the prime factors of u(2).
29
Let g(m) = m + 8 + 2*m - 4*m. Let r be g(9). What are the prime factors of (9 + r)/(-6 - -7)?
2
Let d = -29 - -51. Suppose -3*k = -0*w - w - d, -12 = 3*w. Let g = k + -4. What are the prime factors of g?
2
Let p be 18/(-4)*64/(-12). Let f = p + -13. List the prime factors of f.
11
Suppose 5*a - 13 = 32. Suppose -a = -3*k + 2*k. What are the prime factors of k?
3
Let i(o) = -5*o - 1. Let f be (4/6)/((-2)/(-24)). Let r = 6 - f. What are the prime factors of i(r)?
3
Let p(m) = 5*m + 1. Let a be p(1). What are the prime factors of (-2)/a + 280/12?
23
Let w be (3/(-9))/((-2)/24). Suppose w*q - 4 = -0*q. Let b = 4 + q. List the prime factors of b.
5
Suppose 5*k - 2*j - 93 = 0, -2*k + 0*j + 39 = j. Suppose k = 4*c - 3*y - 94, 0 = -5*c - 2*y + 124. What are the prime factors of c?
2, 13
List the prime factors of (0 - 2/2)*-105.
3, 5, 7
Let l(p) = -p**2 + p - 4. Let o(c) = c**2 + 7*c - 5. Let j be o(-7). Let t be l(j). Let m = -23 - t. What are the prime factors of m?
11
Suppose 3*y + 599 = -2*t, -915 = 3*t - 0*y - y. Let v be (1/(-2))/(4/t). Suppose -3*u = -v - 4. What are the prime factors of u?
2, 7
What are the prime factors of (24/(-10))/(0 - 2/60)?
2, 3
Suppose -4*t = 2*o + 10, -2*o + t + 16 = 2*o. Suppose 3*f + o = -6. Let z = 10 + f. List the prime factors of z.
7
Let k(t) = t**2 + 9*t + 10. Let i be k(-8). Suppose -i = 2*l - 6. List the prime factors of (l/(-6))/(4/(-120)).
2, 5
Let v(f) = 3*f**2 + 2*f - 1. Suppose -3 = -4*n + 1. What are the prime factors of v(n)?
2
Suppose -2*v - 4*l + 17 = -v, 0 = 4*v + 4*l - 32. Suppose -2*x + v*j = 6, -x + 0*j - 6 = -4*j. Suppose -y - 4 = -x*y. List the prime factors of y.
2
Let n(h) = 4*h**2 + 3*h - 5. List the prime factors of n(-4).
47
Suppose -4*x = -2*a - 132, -4*a = -7*a + 12